ppose -4*h + 1 = 5*j - 29, h = -5*j + 15. Let b be c(h). Suppose -b = 3*i - 880. Is i a composite number?
False
Suppose -4*n - 17837 - 597961 = -2*t, 0 = 3*t - 2*n - 923681. Is t a composite number?
False
Suppose -2*w + 5*w = 5*q + 2, 0 = -w + q + 2. Is 6069 + 5/5*-1*w a composite number?
True
Suppose 391*a - 402*a = -274373. Is a a composite number?
False
Let y(f) = 7*f - 9. Let w(x) = -x**2 + 57*x - 72. Let o(j) = 6*w(j) - 51*y(j). Let c be o(9). Let r = 1063 - c. Is r a composite number?
False
Suppose 3*o + 3*q + 0*q = 114, o + 5*q - 42 = 0. Let i = -32 + o. Suppose i*p - b = 532, 0 = p - 6*p - b + 528. Is p composite?
True
Let o = -139956 - -196603. Is o composite?
True
Suppose 0 = -10*n + 6*n + 28. Suppose 0 = n*c - 6*c - 315. Suppose -6*r + 951 + c = 0. Is r a prime number?
True
Is (737416/(-12) + 12)/((-12)/(-9) - 2) composite?
True
Let k be (6 - (2 + 0))*(-39)/(-78). Suppose 0*l + l = -5*i + 17086, -3426 = -i + k*l. Is i prime?
False
Is (49556 - -2) + (4/10 - (-39)/65) prime?
True
Let j(d) = -2*d - 7. Let o be j(-6). Let t(c) = -o - 18 - 4*c + 1. Is t(-11) a composite number?
True
Suppose 0 = t + q + 19, -5*t - 52 - 39 = q. Is (-6)/(t/19509) + 0 a composite number?
True
Let v(r) = -r - 12514*r**3 - 51 + 102 - 51. Is v(-1) prime?
False
Suppose 2*i = 5*g + 53 + 34, -4*i + 150 = -2*g. Suppose -35*r = -i*r - 8. Let s(x) = 133*x**2 - 17*x - 25. Is s(r) a composite number?
False
Let l(a) = 812*a + 69. Suppose 39 = 2*h + 5*w, 3*h + w + 3*w - 48 = 0. Is l(h) a prime number?
False
Is -3 + (-3)/(-1) + 2*(-107314)/(-4) composite?
False
Let m(f) be the first derivative of -719*f**2 - 181*f - 53. Is m(-18) composite?
False
Let w = 1312723 + -729716. Is w a composite number?
False
Let n = -23651 + 35118. Is n composite?
False
Let d = 486 - 501. Let g(c) be the third derivative of c**5/30 - 5*c**4/8 - c**3/3 - 4*c**2. Is g(d) a prime number?
True
Suppose 3*n - 11 = 2*n - 2*a, -3*a = 2*n - 18. Suppose 0 = -5*q + 2*d + 28225, 0*d - n*d = -15. Is q composite?
False
Let k be (-362)/(-6)*(-8 + 23). Suppose -4*a + 706 = 2*q, 3*a + 2*a - 2*q - k = 0. Is a prime?
True
Let n = 137 - -716. Let p be (0*(-3 - -2))/1. Suppose -3*z - 4*v - 601 = -3160, -z + 5*v + n = p. Is z composite?
False
Let f(l) = l**2 - 10*l + 17. Let g be f(7). Let a be 6/3*(-222)/g. Is (a/2)/(-3 + 66/20) a composite number?
True
Let l = -22 - -26. Suppose -12*d - 32 = -l*d. Is (-1)/(d/7520) + 3 prime?
False
Is ((-12)/(-16))/(57/477812) a prime number?
True
Let m(h) = h**3 - h**2 + h - 1. Let a(n) = 6*n**3 - 4*n**2 - 7*n + 11. Let x(u) = -a(u) + 4*m(u). Let r be x(12). Let j = -2090 - r. Is j prime?
True
Let f(m) = m - 6. Let p be f(2). Let y be (-7)/4 + 2 - 19/p. Suppose -y*x = -3*x - 1958. Is x a prime number?
False
Let q = 282 + -373. Is 14/(-91) + (-195937)/q composite?
False
Suppose 0 = -u - 6*u + 315. Let h be ((-60)/u)/(4/(-9)). Is 6804/15 + h - 2/(-5) a prime number?
True
Suppose 116*i = 128*i - 1054596. Is i prime?
False
Let n = 112342 - -64021. Is n composite?
True
Let i(v) = -25512*v - 3571. Is i(-64) a composite number?
False
Let y(j) = -1022*j**2 + 6*j + 7. Let h be y(6). Is (-9 + -15)/6 - 1*h composite?
True
Let t(d) = 25*d + 223. Let r be t(-8). Let k(b) = 58*b**2 + 77*b + 2. Is k(r) composite?
True
Let o = -130 + 186. Let d = -64 + o. Is (0 - (-4106)/d)*-4 prime?
True
Is (110692*10/40)/(2 - 1) a composite number?
False
Suppose 2*x - 2*u - 14240 = 0, -2*x = -6*x - 4*u + 28440. Is x a prime number?
False
Suppose 2*b + b - 10 = -4*g, -2*b + 4*g = 0. Suppose -2*m = -4*t + m - 54, -16 = t - b*m. Is ((-17)/3)/(t/252) prime?
False
Suppose 0 = -3273*a + 3249*a + 4890936. Is a composite?
False
Suppose 65*j - 31119898 = 1583097. Is j a prime number?
True
Let n(g) = g + 16. Let i be n(-5). Suppose i*p + 1692 = 8*p. Let z = -233 - p. Is z composite?
False
Let f(n) = -3360*n + 1811. Is f(-41) a prime number?
True
Suppose c = -2*z + 58, 14 - 73 = -c - z. Suppose 0 = -3*l - 5*g + 2*g + c, -4*l + 86 = g. Suppose -17*q = -l*q + 9470. Is q a composite number?
True
Let q be (-2 - (-8)/6)*-5385. Suppose 0 = 15*g - 2336 + 29171. Let s = q + g. Is s a prime number?
True
Let l be ((-20)/(-6))/(5 - 197/39). Let d = l + 73. Suppose -452 = 4*m - d*m. Is m prime?
True
Let g(n) = -1128*n**2 - n - 9. Let f(h) = -1128*h**2 - 2*h - 8. Let b(q) = -4*f(q) + 3*g(q). Let x be b(-2). Suppose x + 1545 = 4*m. Is m a composite number?
True
Is 8*97386 - (100 + -117) prime?
False
Suppose 21*g - 3*g = 4190274. Is g a composite number?
True
Let v be -4*3*(-28)/48. Let m be (-24)/70*15/(-6)*v. Let w(g) = 16*g**2 + 17. Is w(m) a composite number?
False
Suppose 15993 - 79302 = -3*q. Let o = -7586 + q. Is o a prime number?
False
Let v(g) = 56*g**2 + 5*g + 7. Let s(i) be the first derivative of -i**4/4 - 13*i**3/3 - 12*i**2 - 16*i + 21. Let d be s(-11). Is v(d) prime?
True
Is (-1 - -5)*(-24)/96*-279857 a composite number?
False
Let u(m) = 15*m**2 - 2*m**2 + 66*m + 29 + 11*m + 27*m. Is u(-22) a prime number?
False
Let i(v) = -1714*v + 159. Let s be i(-24). Suppose 2*u - s = -z, -2*z = 3*u - 7*u + 82602. Is u a prime number?
False
Let c(w) = w**3 + 3*w**2 - w - 21. Let g be c(6). Is ((g/(-22))/(-27))/((-1)/(-12666)) a prime number?
False
Suppose -279 = 4*s + 533. Let g = -136 - s. Is g composite?
False
Suppose -w + 2*s + 12 = 0, -20*w = -24*w + 4*s + 28. Suppose 3*v + 2*u = 22774, -4*v + 15183 = -2*v + u. Suppose -10*p + v = -w*p. Is p composite?
True
Suppose -4*x - 11 = -n, 2*x + 15 = -3*x. Suppose 13 = -5*m - 4*f, -m - 2*f + 4*f - 11 = 0. Is n/(-2)*(2529 - m) prime?
False
Let o(v) = -v**3 - 7*v**2 - 3*v - 17. Let i be o(-7). Suppose 0 = 2*j + i - 22. Suppose l + 1433 = 3*r, -j - 3 = -3*l. Is r a prime number?
True
Is (-2789)/((18/(-5))/(46/90) + 7) composite?
True
Let j(f) = -3*f + 2 - 8 - 5 + 7*f**2 - f**3. Let b = 907 + -901. Is j(b) a composite number?
False
Let n = 671 + -1249. Let x be ((-33)/22)/(3/(-2194))*-1. Let l = n - x. Is l composite?
True
Let b = -1514246 + 2299045. Is b prime?
True
Let k = -131536 + 227777. Suppose 2*y + 4*z = 64170, -8*y + z + k = -5*y. Is y composite?
True
Let n be 1*(0 + 0/(-2)). Suppose n = -2*o - 4*h - 9 - 7, -5*h = 2*o + 17. Is o/8 + (-111683)/(-52) a prime number?
False
Let x = -591105 - -1147016. Is x prime?
False
Is (-12)/66 + 4386205/55 + -2 a prime number?
False
Let p = -134 - -256. Suppose 3*l - 29*l + 64662 = 0. Suppose b - l - p = 0. Is b composite?
False
Let a(v) = v**3 + 158*v**2 - 1499*v - 57. Is a(64) composite?
True
Suppose -2*u - 4*j + 81282 = 0, -3*j - 70669 = -3*u + 51263. Is u a prime number?
False
Let u be ((-1)/(-2) - 1)*-80. Let s = 75 - u. Is s composite?
True
Suppose 5*m - 7*m + 36587 = 5*j, 5*m = -j + 91502. Is m prime?
True
Let k = 268 - 268. Suppose 9*t - 3687 - 2082 = k. Is t a composite number?
False
Suppose 5*t - 138842 = b, 3803*b - 3799*b - 55550 = -2*t. Is t prime?
False
Suppose p + 3*n - 13 = 0, 4*p - n = 12 + 1. Suppose -3719 = -2*t - y + 1021, -p*t + 9478 = y. Is t a composite number?
True
Suppose 0 = -0*y - 2*y. Let h(j) = j**3 - 4*j**2 + 2*j + 1077. Is h(y) composite?
True
Suppose -5*w = 4*y - 61 - 39, w - 3*y = 39. Let r be (184/w)/(2/84). Suppose 2607 = 5*d + r. Is d a composite number?
False
Let a(n) = 924*n**2 + 37*n + 1. Let p(g) = -308*g**2 - 13*g. Let h(r) = 4*a(r) + 11*p(r). Let d be 36/24*2/(-3). Is h(d) composite?
False
Let j = 145 + -140. Suppose -z - 6820 = -j*i + 4*z, 0 = -5*i - z + 6814. Is i a composite number?
True
Let m be (-11)/(-2) - (-3)/(-6). Let j(r) = -695*r - 635. Let d be j(-6). Suppose -5*z + 4613 = -2*q, -4*q - 1086 - d = -m*z. Is z a composite number?
True
Suppose 3*i - 80715 = 5*s, -73*i + 75*i - 53810 = 5*s. Is i composite?
True
Suppose 35391240 = 45*c - 58320111 + 28468506. Is c composite?
False
Let n(m) = 2*m + 38. Let t be n(-19). Let x be (t + -2)*1 + (3 - -5). Is (-2)/x + 2874/9 a composite number?
True
Let w = -323 + 315. Is (-9)/(-12) - 10/w - -1983 prime?
False
Suppose 3*w = 5*s + 14, -w - 1 = 4*s + 17. Let h(j) = -j**3 + 4*j**2 + 7. Let x be h(s). Suppose -56 = v - x. Is v a prime number?
True
Let j = 8044 + -4226. Let c = j - 1335. Is c composite?
True
Let y = 129 + -122. Suppose 0 = -4*p + y*p. Suppose p = -5*j + 2294 - 619. Is j a prime number?
False
Let c(h) = 64*h**2 - 15*h. Let b be c(-7). Suppose -3